 - 1. Determine a(s).
-1
Suppose 0 = -5*r - 1 + 11. Let y(x) = -3*x**2 - x + 3 + 6*x**2 - r*x**2. Suppose -b - b = 0. Determine y(b).
3
Let g(o) = o**2 + 4*o - 2. Let y(b) = 3*b**2 + 2 + 3*b**2 - 4*b + 4 - b**3. Let v be y(5). Suppose 0*t = 2*t - q + v, 5*q - 13 = -4*t. Calculate g(t).
-5
Let p = -2 - -2. Let i(n) = 2*n**2 + 2*n - 4. Let q be 2/3*(-3 + 6). Let v(a) = a**2 + a - 4. Let t(f) = q*i(f) - 3*v(f). What is t(p)?
4
Let u(r) = r**3 - 4*r + 3. Let z(q) = q - 1. Let b be z(11). Let f = -7 + b. Determine u(f).
18
Let q(p) be the first derivative of p**4/4 - 2*p**3/3 + 3*p**2/2 + 1. Give q(2).
6
Let d(t) = 2*t + 2. Let x be d(-2). Let g(s) = 0*s**2 + 2*s**2 + 0*s**2 - 2. Calculate g(x).
6
Let d(u) be the third derivative of -u**6/120 - u**5/10 - 5*u**4/24 + 34*u**2. What is d(-5)?
0
Let y be (-2)/(-7) + (-30)/7. Let i(g) = g**2 + 2*g - 2. Give i(y).
6
Let u be 12/(4*(-18)/(-48)). Let g(c) = -2*c + 2. Let l be g(-3). Let k(x) = -u + x**2 + 13 + l*x + 3. What is k(-6)?
-4
Let y(m) = 4*m**3 - m**2 + 2*m - 1. Suppose 0 = -5*h + 5. Determine y(h).
4
Let d = -10 - -14. Suppose -d*k = 2*f + 10, 4*k = -3*f + 2*f - 5. Let w(q) = -9*q**2 + q + q**3 + 10*q**2 + 2 - 2. What is w(k)?
0
Let r(s) = 4*s - 6 + 2 - 5*s + 6. What is r(0)?
2
Let i(q) = q**3 - q**2. Let p(x) = -7*x**3 - x**2 - 7*x + 8. Let a(k) = -6*i(k) - p(k). What is a(-6)?
-14
Let o(p) be the third derivative of p**5/60 - p**4/6 + p**3/6 + 3*p**2. Let v(a) be the first derivative of o(a). What is v(4)?
4
Suppose 2*b - 5*d = -2*b + 64, -5 = b + 4*d. Let o = 7 - b. Let f(w) = w**3 + 4*w**2 + w + 4. What is f(o)?
0
Let p(h) = -h**2 + 6*h - 3. Let n be -2 + -1 + 2*(-10)/(-4). What is p(n)?
5
Suppose -6*l = y - 2*l - 16, 0 = -4*y - 5*l + 31. Suppose -5*v = y + 6. Let f(x) be the third derivative of x**5/60 - x**4/24 - 3*x**2. Calculate f(v).
6
Let q(i) be the third derivative of i**7/840 + i**6/360 - i**5/120 - i**3/6 - i**2. Let b(k) be the first derivative of q(k). Give b(1).
1
Suppose 61*t - 58*t = 21. Let f(i) = -i**2 + 6*i - 6. What is f(t)?
-13
Let o(v) = -v**3 + 7*v**2 - 6*v + 5. Let s = 6 + -2. Suppose t - s - 25 = -4*c, -5*c - 2*t + 40 = 0. What is o(c)?
5
Let k(s) = 2*s**2 - 2*s - 2. Let o = 2 + 0. Let r be k(o). Let i(j) = j + j**3 + 0*j**3 + 1 - r. Give i(1).
1
Suppose -5*o + 15 = 5*w - 0*w, 6 = 2*w + o. Let i be w + 2 + (-6)/2. Let c(j) = -2*j**3 + 4*j**2 - 4*j + 3. Determine c(i).
-5
Suppose 0*g - 3*u + 7 = 2*g, -4*g + 5*u = -3. Let a(r) = 4*r + 2*r + 10*r - 17*r. Calculate a(g).
-2
Let f(v) = 3*v. Suppose -8 = 3*p + p. Let r be p/(-6) + (-8)/(-12). Calculate f(r).
3
Let t(b) = -b**2 - 4*b + 1. Suppose 2*o - 7*o - 25 = 0. Give t(o).
-4
Let x(l) = 3*l**3 + l**2 - 3*l + 3. Let p = 22 + -20. What is x(p)?
25
Let a(d) = 3*d + 6. Let j(i) = i + 1. Let r(f) = a(f) - 2*j(f). Give r(6).
10
Let j(z) = z**2 + 5*z - 7. Let c(k) = -k**2 - 3*k + 4. Suppose 0 = -0*w - w - 5. Let m(l) = w*c(l) - 3*j(l). Let t(g) = g - 6. Let q be t(7). Determine m(q).
3
Let k(l) = 7 - 5*l - 5*l + 121*l**2 - 120*l**2. Determine k(5).
-18
Let m be (-3 - -3)*(-2)/4. Let n(x) be the third derivative of x**5/60 + x**4/24 - 7*x**3/6 + x**2. Calculate n(m).
-7
Suppose 2*h + 24 = -2*h. Let c be (-4)/h*(1 + -7). Let v(z) = -z - 5. Give v(c).
-1
Let r(p) = 4*p**3 - 2*p**3 + 2*p - 1 - 3*p. Let i be (1 + 1 - 4) + 0. Let z be (i - 3/(-3))/1. Calculate r(z).
-2
Let o(b) = b. Let h(j) = -j - 5. Let t be h(-5). Suppose t = -p - 0 - 6. Give o(p).
-6
Let n(h) be the second derivative of -5*h**3/6 + h. Let c be (-14 - (-90)/9)/4. Give n(c).
5
Let n(m) = -7*m**3 + m**2 - 14*m + 8. Let t(b) = 8*b**3 + 15*b - 9. Let h(a) = -7*n(a) - 6*t(a). Let p = 15 + -9. Determine h(p).
10
Let s(v) be the second derivative of v**5/60 + v**4/8 + 2*v**3/3 - v**2/2 + 6*v. Let g(r) be the first derivative of s(r). Give g(-4).
8
Suppose 4*m + 7 = -3*p, 11 = -3*p - 3*m + 5. Let u(v) = 33*v**2 + 3*v + 8. Let g(z) = 11*z**2 + z + 3. Let x(n) = -8*g(n) + 3*u(n). Give x(p).
10
Suppose -k + 2 = 1. Let o(u) = -9 + k + 7 - 3*u + 3*u**2 + u. Suppose 6 = 2*b - 3*b - n, 0 = -2*b - 3*n - 17. Determine o(b).
4
Let m = -2 - -6. Let b(c) = 4*c**2 - 2*c + 2. Let d(o) = o**2 - o. Let w(i) = b(i) - 5*d(i). Give w(m).
-2
Let r(n) be the third derivative of n**4/12 - n**3/3 - 18*n**2. Calculate r(7).
12
Let d(k) = -k + 8. Let s(v) = -v**2 + 4*v - 2. Let z be s(2). Suppose -i - z*i = -4*m + 17, 2*m + 3*i = 31. Let t = 13 - m. Determine d(t).
3
Suppose o = -2*w - 5, -4*o - 5 = -5*o. Let s(n) = n + 2. Let l(m) = -1. Let i(u) = -2*l(u) + s(u). Calculate i(w).
-1
Suppose 0 = 4*n - 3*w - 20, 0 = 3*n + w - 2*w - 15. Suppose 0 = n*r - 5. Let c(y) = 2*y + 1. What is c(r)?
3
Let j(t) = -t**2 - t + 2. Suppose -s - 2 = -w, 0*w + 5*w + 4*s = 28. Let x be w + -2*1/2. Suppose 0 = -5*d + x*n + 7, 3*n = -5*d + n + 12. What is j(d)?
-4
Let v be (5 - 7)/((-1)/2). Let i(y) = -9 - y**2 - v*y - y + 5. Calculate i(-6).
-10
Suppose 6*o - o - 30 = 0. Let y be 9/(-3)*2/o. Let i(s) be the first derivative of s**4 - 2*s**3/3 - s**2 - s + 4. Give i(y).
-5
Let n(q) = -2*q + 6. Let y = -2 - -9. Determine n(y).
-8
Let l(i) be the third derivative of -i**4/24 + i**3/2 - 3*i**2. Let b be l(5). Let t(d) = d**2 + 5*d + 3. Give t(b).
-3
Let p(d) = -d**3 - 3*d**2 - 2*d - 1. Let f(z) = z - 1. Let r be f(6). Suppose -3*g - r = -11. Suppose -1 = -w + g*w. Give p(w).
-1
Let u(y) = 1 - y**2 + 4*y**2 + 2*y + 3*y**2. Suppose 0 = 3*a + a + 44. Let v be 4/18 + a/9. What is u(v)?
5
Suppose -4*m - 5 = -17. Suppose 4*u - m = -7. Let l(w) = 13*w**3 + 2*w**2 - 1. Give l(u).
-12
Let p(z) be the first derivative of -z**4/4 + 5*z**3/3 - z**2/2 - z + 38. Calculate p(5).
-6
Suppose -4*l + 3*k = 20, 2*k + 2*k - 12 = -2*l. Let s(r) = 3*r**2 + r - 2. Calculate s(l).
8
Let k(y) = y**3 - 3*y**2 + 2*y. Suppose 19*b = 16*b + 6. What is k(b)?
0
Let s(u) = 6*u - 6. Let a(y) = -5*y + 6. Let w(l) = -7*a(l) - 6*s(l). Give w(0).
-6
Let h(o) = -o**3 + 4*o**2 - 2*o + 2. Suppose -p + 6 - 3 = 0. Determine h(p).
5
Let k(m) be the first derivative of -4*m**3/3 + m**2/2 - m - 26. Give k(1).
-4
Let j be ((-7)/(-3))/(-2*2/12). Let f(h) = h**2 + 7*h - 5. Give f(j).
-5
Let k(g) = -g**3 - g**2. Let q(a) = 5*a - a - a - a. Let v be q(-1). Let s = v + 1. What is k(s)?
0
Let n = 4 + 14. Let v(h) = -n*h**2 + 5*h - 2*h + 17*h**2 + 2*h + 2. Give v(4).
6
Let g = 31 + -34. Let s(o) = -o**3 - 2*o**2 + 3*o - 4. Calculate s(g).
-4
Suppose -14 = 5*p - 24. Let q(z) = 1 + p - 1 + z - 1 + z**3. Give q(-1).
-1
Let p(y) be the third derivative of 0*y + 0 + 1/6*y**3 + 1/12*y**4 - 1/60*y**5 - 2*y**2. Calculate p(5).
-14
Let u(h) = 3*h**3 + h**2 - 1. Let n be u(1). Suppose -4*v - 3 - 5 = -n*o, 0 = o - 5*v + 1. Let s(q) = 2*q**2 - 5*q + 1. Determine s(o).
13
Let c(h) = -3*h + 6. Let o be (-1)/(-1 + (-2)/(-4)). Let k = o + 3. Calculate c(k).
-9
Let o(l) = 83 + l + 86 - 181 - l**2. Let s = -2 + 2. Calculate o(s).
-12
Let h(p) = -5*p - 8. Let b(o) = 3*o + 5. Let v(r) = 8*b(r) + 5*h(r). Give v(1).
-1
Let f(a) = -a**2 - a - 5. Suppose -5*q = -4*q. Let b be -2 + (-2 - -4) - q. Give f(b).
-5
Let w(d) = -d**3 + 2*d**2 + 1. Suppose -2*k + 0*k + 5*u = -30, 12 = -3*u. Let j be 12/k + 2/(-5). Calculate w(j).
1
Let a(p) = -7*p + 5. Let h(f) = 6*f - 4. Let q(j) = 2*a(j) + 3*h(j). Suppose -2*w - 4 = 4*b + 4, 2*b = -6. Calculate q(w).
6
Let s(h) = -h**3 - 3*h**2 + 3*h - 2. Let d be ((-12)/(-10))/((-6)/(-140)). Let o be 2/7 + 440/d. Suppose 2 = q, 4*b - o = 2*q - 36. What is s(b)?
2
Let c(m) = m**2 - m + 1. Suppose 3 = 4*y - y + 3*i, -2*i - 22 = -2*y. Let s = y + -4. Calculate c(s).
3
Let r(a) be the first derivative of -1/2*a**3 + 2 - 1/4*a**4 + a - 3/2*a**2 + 1/20*a**5. Let y(x) be the first derivative of r(x). Give y(4).
1
Let p(d) = -d**3 - 4*d**2 + d. Let y = -1 - -6. Suppose -5*h + 20 + y = 0. Suppose 0 = h*o + 20. What is p(o)?
-4
Let p(f) = -f - 4. Let s be p(0). Let k(x) be the second derivative of -x - 1/6*x**3 - 1/2*x**2 + 0. Determine k(s).
3
Let w(v) = -2*v**2 - 3*v + 5. Suppose 2*y + 5*u + 8 = 2*u, 5*y + 20 = 5*u. Calculate w(y).
-15
Let f(r) be the second derivative of -r**5/20 + 5*r**4/12 + 2*r**2 + 34*r. Let x(a) = a - 2. Let w be 2*1*(-21)/(-6). Let m be x(w). Give f(m).
4
Suppose -j - 2*s + 16 = 0, -4*j + 5 = -3*s - 15. Let u(b) = -b + 8. Calculate u(j).
0
Let k(b) 